{"id":62,"date":"2014-10-16T05:39:50","date_gmt":"2014-10-16T03:39:50","guid":{"rendered":"http:\/\/www.bestattungen-dahnke.de\/?page_id=62"},"modified":"2016-04-29T23:20:06","modified_gmt":"2016-04-29T21:20:06","slug":"waldbestattungen","status":"publish","type":"page","link":"http:\/\/www.bestattungen-dahnke.de\/?page_id=62","title":{"rendered":"Waldbestattung"},"content":{"rendered":"<div><\/div>\n<div><\/div>\n<div>Urnenbeisetzungen in Ruhe- und Friedw\u00e4ldern werden in Zusammenarbeit mit dem Naturruhewald Langenhagen\/Techentin organisiert.<br \/>\nFerner gibt es Friedw\u00e4lder im Ruheforst M\u00fcritz, auf R\u00fcgen, Usedom sowie bei Rostock und Schwerin.<\/div>\n<div><\/div>\n<p><a href=\"http:\/\/www.bestattungen-dahnke.de\/wp-content\/uploads\/2016\/04\/PTDC0066.jpg\"><img loading=\"lazy\" decoding=\"async\" class=\"size-medium wp-image-112 aligncenter\" src=\"http:\/\/www.bestattungen-dahnke.de\/wp-content\/uploads\/2016\/04\/PTDC0066-225x300.jpg\" alt=\"ViviLnk\" width=\"225\" height=\"300\" srcset=\"http:\/\/www.bestattungen-dahnke.de\/wp-content\/uploads\/2016\/04\/PTDC0066-225x300.jpg 225w, http:\/\/www.bestattungen-dahnke.de\/wp-content\/uploads\/2016\/04\/PTDC0066-768x1024.jpg 768w, http:\/\/www.bestattungen-dahnke.de\/wp-content\/uploads\/2016\/04\/PTDC0066.jpg 1536w\" sizes=\"(max-width: 225px) 100vw, 225px\" \/><\/a><\/p>\n","protected":false},"excerpt":{"rendered":"<p>Urnenbeisetzungen in Ruhe- und Friedw\u00e4ldern werden in Zusammenarbeit mit dem Naturruhewald Langenhagen\/Techentin organisiert. Ferner gibt es Friedw\u00e4lder im Ruheforst M\u00fcritz, auf R\u00fcgen, Usedom sowie bei Rostock und Schwerin.<\/p>\n","protected":false},"author":1,"featured_media":0,"parent":0,"menu_order":0,"comment_status":"closed","ping_status":"closed","template":"","meta":{"jetpack_post_was_ever_published":false,"footnotes":""},"jetpack_sharing_enabled":false,"jetpack_shortlink":"https:\/\/wp.me\/P5c2S3-10","_links":{"self":[{"href":"http:\/\/www.bestattungen-dahnke.de\/index.php?rest_route=\/wp\/v2\/pages\/62"}],"collection":[{"href":"http:\/\/www.bestattungen-dahnke.de\/index.php?rest_route=\/wp\/v2\/pages"}],"about":[{"href":"http:\/\/www.bestattungen-dahnke.de\/index.php?rest_route=\/wp\/v2\/types\/page"}],"author":[{"embeddable":true,"href":"http:\/\/www.bestattungen-dahnke.de\/index.php?rest_route=\/wp\/v2\/users\/1"}],"replies":[{"embeddable":true,"href":"http:\/\/www.bestattungen-dahnke.de\/index.php?rest_route=%2Fwp%2Fv2%2Fcomments&post=62"}],"version-history":[{"count":8,"href":"http:\/\/www.bestattungen-dahnke.de\/index.php?rest_route=\/wp\/v2\/pages\/62\/revisions"}],"predecessor-version":[{"id":128,"href":"http:\/\/www.bestattungen-dahnke.de\/index.php?rest_route=\/wp\/v2\/pages\/62\/revisions\/128"}],"wp:attachment":[{"href":"http:\/\/www.bestattungen-dahnke.de\/index.php?rest_route=%2Fwp%2Fv2%2Fmedia&parent=62"}],"curies":[{"name":"wp","href":"https:\/\/api.w.org\/{rel}","templated":true}]}}

<div></div>
<div></div>
<div>Urnenbeisetzungen in Ruhe- und Friedwäldern werden in Zusammenarbeit mit dem Naturruhewald Langenhagen/Techentin organisiert.<br />
Ferner gibt es Friedwälder im Ruheforst Müritz, auf Rügen, Usedom sowie bei Rostock und Schwerin.</div>
<div></div>
<p><a href="http://www.bestattungen-dahnke.de/wp-content/uploads/2016/04/PTDC0066.jpg"><img loading="lazy" decoding="async" class="size-medium wp-image-112 aligncenter" src="http://www.bestattungen-dahnke.de/wp-content/uploads/2016/04/PTDC0066-225x300.jpg" alt="ViviLnk" width="225" height="300" srcset="http://www.bestattungen-dahnke.de/wp-content/uploads/2016/04/PTDC0066-225x300.jpg 225w, http://www.bestattungen-dahnke.de/wp-content/uploads/2016/04/PTDC0066-768x1024.jpg 768w, http://www.bestattungen-dahnke.de/wp-content/uploads/2016/04/PTDC0066.jpg 1536w" sizes="(max-width: 225px) 100vw, 225px" /></a></p>

<p>Urnenbeisetzungen in Ruhe- und Friedwäldern werden in Zusammenarbeit mit dem Naturruhewald Langenhagen/Techentin organisiert. Ferner gibt es Friedwälder im Ruheforst Müritz, auf Rügen, Usedom sowie bei Rostock und Schwerin.</p>
